[INFO] fetching crate simpleflake 0.0.4...
[INFO] checking simpleflake-0.0.4 against master#cfbc6d4cf1acbac5c025acf8ed68929caa551df3 for pr-75494-beta
[INFO] extracting crate simpleflake 0.0.4 into /workspace/builds/worker-0/source
[INFO] validating manifest of crates.io crate simpleflake 0.0.4 on toolchain cfbc6d4cf1acbac5c025acf8ed68929caa551df3
[INFO] running `Command { std: "/workspace/cargo-home/bin/cargo" "+cfbc6d4cf1acbac5c025acf8ed68929caa551df3" "read-manifest" "--manifest-path" "Cargo.toml", kill_on_drop: false }`
[INFO] started tweaking crates.io crate simpleflake 0.0.4
[INFO] finished tweaking crates.io crate simpleflake 0.0.4
[INFO] tweaked toml for crates.io crate simpleflake 0.0.4 written to /workspace/builds/worker-0/source/Cargo.toml
[INFO] running `Command { std: "/workspace/cargo-home/bin/cargo" "+cfbc6d4cf1acbac5c025acf8ed68929caa551df3" "generate-lockfile" "--manifest-path" "Cargo.toml" "-Zno-index-update", kill_on_drop: false }`
[INFO] [stderr]     Blocking waiting for file lock on package cache
[INFO] running `Command { std: "/workspace/cargo-home/bin/cargo" "+cfbc6d4cf1acbac5c025acf8ed68929caa551df3" "fetch" "--locked" "--manifest-path" "Cargo.toml", kill_on_drop: false }`
[INFO] [stderr]     Blocking waiting for file lock on package cache
[INFO] running `Command { std: "docker" "create" "-v" "/var/lib/crater-agent-workspace/builds/worker-0/target:/opt/rustwide/target:rw,Z" "-v" "/var/lib/crater-agent-workspace/builds/worker-0/source:/opt/rustwide/workdir:ro,Z" "-v" "/var/lib/crater-agent-workspace/cargo-home:/opt/rustwide/cargo-home:ro,Z" "-v" "/var/lib/crater-agent-workspace/rustup-home:/opt/rustwide/rustup-home:ro,Z" "-e" "SOURCE_DIR=/opt/rustwide/workdir" "-e" "CARGO_TARGET_DIR=/opt/rustwide/target" "-e" "CARGO_HOME=/opt/rustwide/cargo-home" "-e" "RUSTUP_HOME=/opt/rustwide/rustup-home" "-w" "/opt/rustwide/workdir" "-m" "1610612736" "--user" "0:0" "--network" "none" "rustops/crates-build-env@sha256:a636fd89d022f18117e1dc8fb37a0a009933cdbbe082814857f0e2024962d47c" "/opt/rustwide/cargo-home/bin/cargo" "+cfbc6d4cf1acbac5c025acf8ed68929caa551df3" "metadata" "--no-deps" "--format-version=1", kill_on_drop: false }`
[INFO] [stdout] 35811c97c056696ba520f41e08c187d2b8ec90a11d2454339868fac97739b645
[INFO] [stderr] WARNING: Your kernel does not support swap limit capabilities or the cgroup is not mounted. Memory limited without swap.
[INFO] running `Command { std: "docker" "start" "-a" "35811c97c056696ba520f41e08c187d2b8ec90a11d2454339868fac97739b645", kill_on_drop: false }`
[INFO] running `Command { std: "docker" "inspect" "35811c97c056696ba520f41e08c187d2b8ec90a11d2454339868fac97739b645", kill_on_drop: false }`
[INFO] running `Command { std: "docker" "rm" "-f" "35811c97c056696ba520f41e08c187d2b8ec90a11d2454339868fac97739b645", kill_on_drop: false }`
[INFO] [stdout] 35811c97c056696ba520f41e08c187d2b8ec90a11d2454339868fac97739b645
[INFO] running `Command { std: "docker" "create" "-v" "/var/lib/crater-agent-workspace/builds/worker-0/target:/opt/rustwide/target:rw,Z" "-v" "/var/lib/crater-agent-workspace/builds/worker-0/source:/opt/rustwide/workdir:ro,Z" "-v" "/var/lib/crater-agent-workspace/cargo-home:/opt/rustwide/cargo-home:ro,Z" "-v" "/var/lib/crater-agent-workspace/rustup-home:/opt/rustwide/rustup-home:ro,Z" "-e" "SOURCE_DIR=/opt/rustwide/workdir" "-e" "CARGO_TARGET_DIR=/opt/rustwide/target" "-e" "CARGO_INCREMENTAL=0" "-e" "RUST_BACKTRACE=full" "-e" "RUSTFLAGS=--cap-lints=forbid" "-e" "CARGO_HOME=/opt/rustwide/cargo-home" "-e" "RUSTUP_HOME=/opt/rustwide/rustup-home" "-w" "/opt/rustwide/workdir" "-m" "1610612736" "--user" "0:0" "--network" "none" "rustops/crates-build-env@sha256:a636fd89d022f18117e1dc8fb37a0a009933cdbbe082814857f0e2024962d47c" "/opt/rustwide/cargo-home/bin/cargo" "+cfbc6d4cf1acbac5c025acf8ed68929caa551df3" "check" "--frozen" "--all" "--all-targets" "--message-format=json", kill_on_drop: false }`
[INFO] [stdout] 31b8715f2e1cf2ad433f9b65cf85e38ae8a849bce99e67a2948c82b0a6832e7f
[INFO] [stderr] WARNING: Your kernel does not support swap limit capabilities or the cgroup is not mounted. Memory limited without swap.
[INFO] running `Command { std: "docker" "start" "-a" "31b8715f2e1cf2ad433f9b65cf85e38ae8a849bce99e67a2948c82b0a6832e7f", kill_on_drop: false }`
[INFO] [stderr]    Compiling proc-macro-hack v0.5.18
[INFO] [stderr]     Checking ppv-lite86 v0.2.9
[INFO] [stderr]    Compiling standback v0.2.9
[INFO] [stderr]    Compiling time v0.2.16
[INFO] [stderr]    Compiling syn v1.0.39
[INFO] [stderr]     Checking getrandom v0.1.14
[INFO] [stderr]     Checking rand_core v0.5.1
[INFO] [stderr]     Checking rand_chacha v0.2.2
[INFO] [stderr]     Checking rand v0.7.3
[INFO] [stderr]    Compiling time-macros-impl v0.1.1
[INFO] [stderr]     Checking time-macros v0.1.0
[INFO] [stderr]     Checking simpleflake v0.0.4 (/opt/rustwide/workdir)
[INFO] [stdout] error[E0425]: cannot find function `get_time` in crate `time`
[INFO] [stdout]   --> src/lib.rs:15:35
[INFO] [stdout]    |
[INFO] [stdout] 15 |     let now = time_as_float(time::get_time());
[INFO] [stdout]    |                                   ^^^^^^^^ not found in `time`
[INFO] [stdout] 
[INFO] [stdout] 
[INFO] [stdout] error[E0412]: cannot find type `Timespec` in crate `time`
[INFO] [stdout]   --> src/lib.rs:31:29
[INFO] [stdout]    |
[INFO] [stdout] 31 | fn time_as_float(spec:time::Timespec) -> f64 {
[INFO] [stdout]    |                             ^^^^^^^^ not found in `time`
[INFO] [stdout] 
[INFO] [stdout] 
[INFO] [stderr] error: could not compile `simpleflake`.
[INFO] [stdout] error: aborting due to 2 previous errors
[INFO] [stdout] 
[INFO] [stdout] 
[INFO] [stderr] 
[INFO] [stdout] Some errors have detailed explanations: E0412, E0425.
[INFO] [stdout] 
[INFO] [stderr] To learn more, run the command again with --verbose.
[INFO] [stdout] For more information about an error, try `rustc --explain E0412`.
[INFO] [stdout] 
[INFO] [stderr] warning: build failed, waiting for other jobs to finish...
[INFO] [stdout] error[E0425]: cannot find function `get_time` in crate `time`
[INFO] [stdout]   --> src/lib.rs:15:35
[INFO] [stdout]    |
[INFO] [stdout] 15 |     let now = time_as_float(time::get_time());
[INFO] [stdout]    |                                   ^^^^^^^^ not found in `time`
[INFO] [stdout] 
[INFO] [stdout] 
[INFO] [stdout] error[E0412]: cannot find type `Timespec` in crate `time`
[INFO] [stdout]   --> src/lib.rs:31:29
[INFO] [stdout]    |
[INFO] [stdout] 31 | fn time_as_float(spec:time::Timespec) -> f64 {
[INFO] [stdout]    |                             ^^^^^^^^ not found in `time`
[INFO] [stdout] 
[INFO] [stdout] 
[INFO] [stdout] error[E0422]: cannot find struct, variant or union type `Timespec` in crate `time`
[INFO] [stdout]   --> src/lib.rs:42:23
[INFO] [stdout]    |
[INFO] [stdout] 42 |     let input = time::Timespec { sec: 12, nsec: 34};
[INFO] [stdout]    |                       ^^^^^^^^ not found in `time`
[INFO] [stdout] 
[INFO] [stdout] 
[INFO] [stdout] error: aborting due to 3 previous errors
[INFO] [stdout] 
[INFO] [stdout] 
[INFO] [stdout] Some errors have detailed explanations: E0412, E0422, E0425.
[INFO] [stdout] 
[INFO] [stdout] For more information about an error, try `rustc --explain E0412`.
[INFO] [stdout] 
[INFO] [stderr] error: build failed
[INFO] running `Command { std: "docker" "inspect" "31b8715f2e1cf2ad433f9b65cf85e38ae8a849bce99e67a2948c82b0a6832e7f", kill_on_drop: false }`
[INFO] running `Command { std: "docker" "rm" "-f" "31b8715f2e1cf2ad433f9b65cf85e38ae8a849bce99e67a2948c82b0a6832e7f", kill_on_drop: false }`
[INFO] [stdout] 31b8715f2e1cf2ad433f9b65cf85e38ae8a849bce99e67a2948c82b0a6832e7f
